g.
2, 13, 29
Let w = 24 + -36. List the prime factors of ((-4)/w)/((-2)/(-12)).
2
Let v(p) = -4*p + 377. List the prime factors of v(0).
13, 29
List the prime factors of (-458)/(92/(-12) - -7).
3, 229
Suppose -3*l - 8 + 20 = 0. List the prime factors of 45*4 + 0/(l/2).
2, 3, 5
Suppose -6*q - 430 = -q. Let p = -43 - q. Suppose 5*n - 118 + p = -r, -55 = -r - n. What are the prime factors of r?
2, 5
Suppose -r + 10 = -3*o, 3*r + 3*o - 121 + 31 = 0. List the prime factors of -7 + r/5 + 228.
2, 113
Suppose p - 3*p + 36 = -3*a, -5*p + 2*a = -68. Let k(i) = i**3 + 6*i**2 - 6*i**2 - 12*i + 15 - 11*i**2. What are the prime factors of k(p)?
3, 5
Suppose 0 = 14*n - 11*n - 30. What are the prime factors of 1 - (-639)/6 - n/20?
107
Suppose -3*r = -b + 316 + 72, 746 = 2*b + 4*r. What are the prime factors of b?
379
Let r = 18 - 17. Let w be 0/((-1)/(2 - r)). Suppose 3*h - 15 = -w*h, 5*t - 125 = -2*h. List the prime factors of t.
23
List the prime factors of 2459 - (-4 - (-4 + 0 - -4)).
3, 821
Let t(u) = -104*u + 12. List the prime factors of t(-5).
2, 7, 19
Let p(h) = 2*h + 24. Let r be p(-10). Suppose -r*o + 79 = j, 3*o = 3*j - 408 + 156. List the prime factors of j.
83
Suppose 4*u - 5*x = 5907, 3*u = -4*x - 661 + 5099. What are the prime factors of u?
2, 739
Let l(h) = -h**3 - 21*h**2 + 28*h - 76. List the prime factors of l(-23).
2, 13
What are the prime factors of (47/47)/((-2)/(-1906))?
953
Suppose 10*k = -17 - 53. What are the prime factors of (108/(-28) + -3)*k?
2, 3
Let n(j) = 4*j**2 + 3*j - 2. Let i be n(1). Suppose -4*v - 146 = -2*g, i*g + v + v - 305 = 0. What are the prime factors of g?
3, 7
Suppose 178*z + 15 = 177*z. Suppose 0 = 3*s - 2*j - 82, j = 4*s - 2*j - 110. Let b = z + s. List the prime factors of b.
11
Let v(w) = -w**3 + 5*w**2 + 8*w - 8. Let l(q) = q**2 - q + 6. Let j be l(0). Let b be v(j). List the prime factors of (12/1)/b + 17.
2, 5
Suppose -4*n - 544 + 1880 = -4*h, n + 4*h = 329. List the prime factors of n.
3, 37
Suppose -2*r - 1 = r - 4*u, -r = -u. Let o be r/(-2 + (-81)/(-39)). Let c(x) = -x**2 + 17*x - 4. List the prime factors of c(o).
2, 3
Let j be (-30)/(-12)*(-6)/(-5). Suppose -3*l - 4*s = -8*s - 597, j*l - 3*s = 600. List the prime factors of l.
7, 29
Let c be (2 - 1)*(1 + 1). Suppose c*m + 10 = 0, -4*p - p = -3*m - 475. List the prime factors of p.
2, 23
Let b = -120 - -7. Let f = b + 183. What are the prime factors of f?
2, 5, 7
Let c(r) = -r**3 - 8*r**2 + 8*r + 5. Let j be c(-8). Let t = 61 + j. What are the prime factors of t?
2
Suppose -565*d - 56784 = -578*d. What are the prime factors of d?
2, 3, 7, 13
Let p(s) = -5*s**3 - 3*s**2 + 21*s + 2. What are the prime factors of p(-5)?
3, 149
Let f(c) = 228*c + 1. Let r be f(3). Suppose 3*b - 2*g - r = -6*g, -3*b + g + 710 = 0. List the prime factors of b.
5, 47
Let d be -12*(-2 - (-10)/4). What are the prime factors of ((-4)/d)/(4/330)?
5, 11
Let u = 11 - 12. Let l(q) be the first derivative of -12*q**2 - q + 1. What are the prime factors of l(u)?
23
Let z = 114 + -46. List the prime factors of z.
2, 17
Suppose 0 = 4*w - 5*w + 176. Suppose g + 0 = -1, 3*t - w = -4*g. Suppose -97 = -3*k - 4*n + 2*n, n = 2*k - t. List the prime factors of k.
31
Let x(j) = j**3 - 9*j**2 - 7*j - 19. Let r be x(10). What are the prime factors of r/33 - 166/(-6)?
2, 7
Let f = 409 - 238. What are the prime factors of f?
3, 19
Let s(z) = -z**3 + 11*z**2 - 9*z. Let x be s(10). Let p = x - -5. List the prime factors of p.
3, 5
Suppose -48*f + 80748 = -12*f. List the prime factors of f.
2243
Let w(u) = -64*u + 1. What are the prime factors of w(-5)?
3, 107
Let f(n) = n**3 - 11*n**2 + 8*n - 14. Suppose -4*m + 4*a + 44 = a, -4*a - 44 = -4*m. What are the prime factors of f(m)?
2, 37
List the prime factors of 126 + (3/(-9))/((-3)/45).
131
Suppose -3*m = -1 - 8. Suppose -2*h - 73 = m*q, -2*q + 0 = 5*h + 45. Let p = 36 + q. List the prime factors of p.
11
Let y = 1675 + -224. List the prime factors of y.
1451
Let j = 516 - -16. Suppose 0 = -2*w - 2*i + 526, 2*w - j = i - 0*i. What are the prime factors of w?
5, 53
Suppose 50*c - 2663 = -3*z + 46*c, 0 = 2*z - 5*c - 1806. What are the prime factors of z?
19, 47
Let b be (3 - -2)*((-23)/(-5) - -1). Suppose b*c = 33*c - 755. List the prime factors of c.
151
Suppose 0 = -33*z - 1655 + 8420. List the prime factors of z.
5, 41
Let x = 595 + -192. What are the prime factors of x?
13, 31
List the prime factors of 1 + 317 + (-7)/(14/4).
2, 79
Let r(d) = 52*d - 171. List the prime factors of r(27).
3, 137
Let t(g) = 4*g**3 - 5*g**2 + 4*g - 4. Let m be t(3). Suppose h - m + 7 = 0. List the prime factors of h.
2
Let x = 143 + -139. Suppose -4*r + s + 426 = x*s, 2*r = s + 218. What are the prime factors of r?
2, 3
Suppose b - 276 = -5*u + 271, -u = 5*b - 2615. Let f = b + -339. List the prime factors of f.
3, 61
What are the prime factors of 5/2 - 557279/(-334)?
3, 557
Let h be (-581)/28 - (-3)/4. Let g = 26 - h. What are the prime factors of g?
2, 23
Suppose 22265 = 22*f - 38367. What are the prime factors of f?
2, 13, 53
Suppose -4*w = -8*w - z + 2526, -5*w - 2*z = -3159. What are the prime factors of w?
631
Let j = 121 - 71. Suppose 2*x + j - 16 = -2*n, 4*n + 62 = -x. Let g = n - -28. List the prime factors of g.
13
Suppose 135*l = 82*l + 45050. List the prime factors of l.
2, 5, 17
Let t(z) = -5*z**2 - z. Let x be t(1). Let w = -19 + x. Let j = w - -55. What are the prime factors of j?
2, 3, 5
Let b(c) = 63*c - 19. List the prime factors of b(1).
2, 11
Let s be (-171 - -14)/(2/(-2)). Suppose -c + s = 3*p, -p + 0*p + 59 = -c. What are the prime factors of p?
2, 3
Suppose 0 = 4*l + 4*x - 3960, -3*l + 5*x + 2238 = -692. Suppose -5*d + 960 = 4*a, 5*d = 3*a - 25 + l. What are the prime factors of d?
2, 3
Let y(m) = 4*m + m**3 - 13*m**2 - 10*m**2 - 2*m**3 - 21 + 12*m. List the prime factors of y(-24).
3, 19
Suppose 2 + 8 = 5*o, -2*o - 38 = 2*r. Let h = r + 66. What are the prime factors of h?
3, 5
Let c(l) = -4*l**3 - 5*l**2 - l + 6. Let p be c(5). List the prime factors of (p/32)/(2/(-4)).
3, 13
Let f(w) = 12*w**2 + 3*w - 26. List the prime factors of f(-12).
2, 7, 17
Let i(s) = 40*s**3 + 3*s**2 + 6*s - 17. List the prime factors of i(3).
2, 277
Let i(k) = -k**3 - 6*k**2 - 7. Let p be i(-5). Let g be 1/4 + (-248)/p. Suppose -v + g = -7. List the prime factors of v.
3, 5
Suppose -10692 = 243*q - 249*q. What are the prime factors of q?
2, 3, 11
Let p be 3/(0 + 15/1325). Suppose -3*x + p = 31. List the prime factors of x.
2, 3, 13
Let z(o) = 64*o**2 + 25*o + 209. List the prime factors of z(-8).
5, 821
Suppose 2*y = 2*u + 2500, 3*u + 3211 = 4*y - 1794. What are the prime factors of y?
5, 251
Let x be 0 + -1 - 8/(-2). Suppose g + 3*b = 40, -2*g + 112 = -x*b + b. What are the prime factors of g?
2, 13
Let z(f) = -2*f**2 + 4*f - 4. Let u be z(2). List the prime factors of (65 - u*4/8)*1.
67
Suppose -3*r - j + 74 = 3*j, j = -4. Let n = r + -21. Suppose 64 = k - n. What are the prime factors of k?
73
Let u = -136 + 206. Let r = u - 11. What are the prime factors of r?
59
Suppose 0 = 3*s - 8*s. Let b(f) = s*f + 0*f - 9 + 4*f - 3. What are the prime factors of b(6)?
2, 3
Let w(b) = 1. Let s(c) = 31*c - 9. Let r(t) = -s(t) - 5*w(t). What are the prime factors of r(-4)?
2
Suppose 0 = -2*o + 6, 5*f - 2*o = -o + 172. Suppose -4*q = -5*u + q + f, 5*u + q - 11 = 0. List the prime factors of u.
3
Let h(g) = g**3 - 5*g**2 + 8*g - 6. Let p be h(4). Let j be ((-12)/p)/((-8)/(-20)). What are the prime factors of 3*(-4)/j - -36?
2, 5
Let a(n) = 3*n - 25. Let h be a(10). List the prime factors of (-7)/((-21)/96) + h.
37
Let t be (-155)/(-2)*(-6)/(-5). Let k = 260 - t. What are the prime factors of k?
167
Let n = 5 + -3. Suppose 5 = 43*b - 42*b. Suppose b*k = 4*j, -5*j + 0*j = -n*k - 17. What are the prime factors of k?
2
Let n be (-2)/12*4*-3. Suppose 2*x + x - c - 368 = 0, -2*x + n*c = -240. What are the prime factors of x?
2, 31
Suppose 287 - 5951 = -59*u. List the prime factors of u.
2, 3
Suppose 0 = -2*v + 4*v + 5*f - 16, 0 = f. Let q(p) be the first derivative of 2*p**2 - 9*p - 12. List the prime factors of q(v).
23
Let i be -1 + (-1 + 2)/1. Let u(d) = d**2 - 2*d - 8. Let f be u(-6). Suppose i = -3*c + c + f. What are the prime factors of c?
2, 5
Suppose -4*y + 2*y = 106. Let x =